me factors of 456846460?
2, 5, 7, 3263189
List the prime factors of 2522399952.
2, 3, 43, 73, 16741
List the prime factors of 45731543.
11, 13, 193, 1657
List the prime factors of 56573833.
56573833
What are the prime factors of 42930607?
42930607
What are the prime factors of 133523505?
3, 5, 641, 1543
List the prime factors of 633775790.
2, 5, 1429, 44351
What are the prime factors of 7880444?
2, 11, 13, 23, 599
List the prime factors of 137333479.
1523, 90173
List the prime factors of 343853123.
131, 151, 17383
What are the prime factors of 2007671336?
2, 11, 983, 23209
List the prime factors of 854425357.
101, 8459657
List the prime factors of 1402541480.
2, 5, 17, 2062561
What are the prime factors of 1092833453?
499, 2190047
List the prime factors of 96094391.
23, 433, 9649
List the prime factors of 127943622.
2, 3, 7107979
List the prime factors of 324147899.
324147899
List the prime factors of 448448850.
2, 3, 5, 211, 4723
List the prime factors of 320303681.
17, 23, 35617
List the prime factors of 235539451.
7, 33648493
What are the prime factors of 14617946?
2, 7, 1044139
What are the prime factors of 15335132?
2, 157, 24419
What are the prime factors of 216489?
3, 7, 13, 61
What are the prime factors of 1462415385?
3, 5, 97494359
What are the prime factors of 1871793314?
2, 23, 40691159
List the prime factors of 125025334.
2, 7, 557, 16033
List the prime factors of 103365888.
2, 3, 134591
What are the prime factors of 63872109?
3, 7, 1013843
What are the prime factors of 19126502?
2, 19, 59, 449
List the prime factors of 5199124846.
2, 2599562423
List the prime factors of 37675717.
47, 801611
List the prime factors of 2390152471.
7, 341450353
What are the prime factors of 19250465?
5, 13, 73, 4057
List the prime factors of 90930323.
11, 67, 123379
What are the prime factors of 1010018834?
2, 11, 19, 2416313
List the prime factors of 2464950251.
11047, 223133
What are the prime factors of 976873499?
7, 17, 911, 9011
List the prime factors of 608649278.
2, 127, 2396257
List the prime factors of 456984034.
2, 13, 17576309
List the prime factors of 2210661619.
29, 59, 1292029
List the prime factors of 178462685.
5, 17, 43, 157, 311
List the prime factors of 22118028.
2, 3, 1843169
What are the prime factors of 385041326?
2, 192520663
What are the prime factors of 5495176?
2, 686897
List the prime factors of 33400005.
3, 5, 19, 117193
What are the prime factors of 66983689?
17, 3940217
List the prime factors of 86707334.
2, 7, 6193381
List the prime factors of 949324840.
2, 5, 23733121
List the prime factors of 300425644.
2, 19, 37, 5623
List the prime factors of 230919409.
7, 4712641
List the prime factors of 541018610.
2, 5, 11, 1553, 3167
List the prime factors of 577798472.
2, 2087, 34607
What are the prime factors of 18385903?
2237, 8219
List the prime factors of 245777021.
7, 31, 233, 4861
List the prime factors of 266156790.
2, 3, 5, 8871893
What are the prime factors of 31779621?
3, 29, 83, 163
What are the prime factors of 78707961?
3, 8745329
List the prime factors of 2177504141.
2177504141
List the prime factors of 424883422.
2, 61, 233, 14947
What are the prime factors of 115126757?
19, 107, 56629
What are the prime factors of 59553834?
2, 3, 79, 125641
What are the prime factors of 8369243107?
3491, 2397377
What are the prime factors of 621470460?
2, 3, 5, 13, 167, 367
List the prime factors of 382277645.
5, 41, 1864769
What are the prime factors of 5598669395?
5, 11, 163, 56773
List the prime factors of 12285995.
5, 29, 84731
List the prime factors of 225547550.
2, 5, 593, 7607
What are the prime factors of 464092184?
2, 37, 691, 2269
What are the prime factors of 38006537?
38006537
List the prime factors of 217746601.
217746601
What are the prime factors of 141333360?
2, 3, 5, 7, 84127
List the prime factors of 5722497682.
2, 11, 260113531
What are the prime factors of 45153947?
45153947
List the prime factors of 35127723.
3, 11709241
List the prime factors of 918952983.
3, 13, 61, 331, 389
What are the prime factors of 1318976017?
71, 401, 46327
What are the prime factors of 2832339811?
7, 404619973
What are the prime factors of 758432262?
2, 3, 7, 18057911
What are the prime factors of 214640167?
7, 30662881
What are the prime factors of 6507011974?
2, 9661, 336767
List the prime factors of 63194107.
739, 85513
List the prime factors of 88297353.
3, 1777, 5521
What are the prime factors of 38363094?
2, 3, 7, 11, 89, 311
List the prime factors of 238089926.
2, 101, 229, 5147
List the prime factors of 1556872426.
2, 19, 127, 16979
What are the prime factors of 86577111?
3, 9619679
List the prime factors of 163159473.
3, 54386491
List the prime factors of 51455108.
2, 12863777
What are the prime factors of 87704363?
31, 2829173
What are the prime factors of 43979655?
3, 5, 977, 3001
What are the prime factors of 317125873?
47, 6747359
List the prime factors of 2339331764.
2, 7, 11, 199, 38167
What are the prime factors of 588624596?
2, 7, 859, 24473
What are the prime factors of 55930738?
2, 27965369
What are the prime factors of 82482376?
2, 10310297
What are the prime factors of 1640065083?
3, 167, 239, 13697
List the prime factors of 48429733.
11, 41, 73, 1471
List the prime factors of 38733761.
11, 19, 241, 769
List the prime factors of 61950053.
11, 5631823
What are the prime factors of 25587077?
29, 882313
List the prime factors of 31168621.
11, 61, 46451
List the prime factors of 1704462389.
7, 457, 532811
What are the prime factors of 4958026224?
2, 3, 487, 212099
List the prime factors of 85557872.
2, 17, 18503
What are the prime factors of 4351314417?
3, 229, 347, 18253
What are the prime factors of 3936295485?
3, 5, 1423, 61471
What are the prime factors of 2479235552?
2, 1427, 54293
What are the prime factors of 32060196?
2, 3, 7, 29, 41, 107
List the prime factors of 580497601.
83, 101, 69247
What are the prime factors of 149818268?
2, 19, 137, 14389
What are the prime factors of 796858362?
2, 3, 44269909
What are the prime factors of 4606663186?
2, 43, 53565851
What are the prime factors of 244473557?
244473557
List the prime factors of 1214945736.
2, 3, 43, 523, 2251
What are the prime factors of 441952212?
2, 3, 13, 2833027
List the prime factors of 215415235.
5, 7, 6154721
What are the prime factors of 311066883?
3, 233, 148339
List the prime factors of 8142290.
2, 5, 13, 62633
What are the prime factors of 17625589?
613, 28753
List the prime factors of 155042144.
2, 107, 45281
What are the prime factors of 970786532?
2, 19, 191, 66877
List the prime factors of 1029305.
5, 41, 5021
What are the prime factors of 60211888?
2, 11, 29, 47, 251
List the prime factors of 47010632.
2, 31, 189559
List the prime factors of 432797872.
2, 13, 2080759
What are the prime factors of 730495853?
730495853
List the prime factors of 97716701.
6143, 15907
List the prime factors of 75525337.
109, 692893
What are the prime factors of 45420023?
11, 79, 52267
List the prime factors of 152557496.
2, 7, 13, 367, 571
What are the prime factors of 167257815?
3, 5, 17, 655913
What are the prime factors of 230623824?
2, 3, 19, 252877
List the prime factors of 30098821.
89, 383, 883
List the prime factors of 12939054.
2, 3, 59, 36551
What are the prime factors of 533952369?
3, 53, 1119397
What are the prime factors of 234924062?
2, 113, 9199
List the prime factors of 203273607.
3, 17, 1223, 3259
What are the prime factors of 37022857?
37022857
List the prime factors of 2436907722.
2, 3, 83, 4893389
What are the prime factors of 95572017?
3, 467, 22739
List the prime factors of 221784581.
221784581
What are the prime factors of 58393450?
2, 5, 1167869
List the prime factors of 265899244.
2, 13, 17, 61, 4931
List the prime factors of 29167242.
2, 3, 13, 19, 19681
What are the prime factors of 1294440672?
2, 3, 7, 73, 26387
What are the prime factors of 80309409?
3, 19, 103, 13679
What are the prime factors of 60331989?
3, 61, 329683
What are the prime factors of 125039934?
2, 3, 1879, 3697
List the prime factors of 101508859.
101508859
List the prime factors of 1896426111.
3, 632142037
What are the prime factors of 84633349?
71, 103, 163
What are the prime factors of 5734685077?
11, 521335007
What are the prime factors of 485007383?
